Suppose 0 = f + 2*f + 6. What is the units digit of f/(-5) - 48/(-5)?
0
Let h = 279 - 190. Suppose 5 = -12*l + h. What is the units digit of l?
7
Let z be (-2)/(-13) + (-1002)/(-78). Suppose 3*m - 483 = -o, m + o - 145 = 6*o. Suppose m = z*i - 8*i. What is the tens digit of i?
3
Let s be 218/10 - (-4)/(-5). Let c = -14 + s. What is the units digit of c?
7
Suppose -13*l + 14*l = 3*k + 375, -4*l = k - 1435. What is the units digit of l?
0
Let n(o) = -8*o + 8. Let b be n(6). Let q = 59 + b. What is the units digit of q?
9
Suppose 4*j + 173 = -3*r + 644, -3*r + 15 = 0. Let q = -81 + j. What is the units digit of q?
3
Let n(d) = -11*d**3 + d**2. Let m be n(-1). Let v be 22*1 + (0 - 2). Let x = m + v. What is the tens digit of x?
3
Suppose -2*b + 10 = 0, 11 + 8 = 3*c + 5*b. Let j be (-1)/c*(-1 + 149). What is the units digit of j + 1*4/(-2)?
2
Suppose 3*u + 2*a - 5415 = 0, -3*a - 7231 = -4*u - 2*a. What is the tens digit of u?
0
Suppose -4*i - 4*b = -53 - 3, -2*b = 3*i - 37. Let q(c) = -4*c**2 + 22*c - 46. Let z be q(20). What is the units digit of (2/(-4))/(i/z)?
7
Suppose -8*l + 9*l - 245 = -o, -20 = -5*o. What is the tens digit of l?
4
What is the hundreds digit of (-12*1/(-18))/(2/1086)?
3
Suppose 7*n = -9*n + 20928. What is the tens digit of n?
0
Let k(t) be the third derivative of t**4/6 + 4*t**3/3 - 3*t**2. Let r(u) = -u - 3. Let p(y) = 6*k(y) + 17*r(y). What is the tens digit of p(3)?
1
Suppose 5 - 8 = -p. Suppose n + 98 = p*n. What is the units digit of n?
9
Let x be 101*(51/9 - 2/3). Suppose 4*u = 5*b - x - 267, 3*b = 4*u + 468. What is the units digit of b?
2
Suppose -4*f + 5 + 87 = 0. Suppose 0 = a - d - 3, 5*a - 3*d - f = -6. Suppose 7*i - 9 = a*i. What is the units digit of i?
3
Let v = 435 + -163. What is the tens digit of v?
7
Suppose 0 = -3*i + l + 3852, -5*i - 2227 = 2*l - 8636. What is the hundreds digit of i?
2
Let y be (-1)/(12/14 + -1). Suppose 0 = -4*v + 4*b + 1444, 2*b - 715 = -2*v - 3*b. What is the units digit of v/14 + 2/y?
6
Suppose -10586 + 3290 = -3*c. Suppose -21*q = -5*q - c. What is the hundreds digit of q?
1
Suppose 0 = -c + 4*h + 990, -2*c + 4*c - 4*h = 1988. What is the tens digit of c?
9
Suppose -15798 - 134 = -28*c. What is the tens digit of c?
6
Let r(m) = 13*m**2 + 6*m - 10. What is the thousands digit of r(9)?
1
Suppose b = 4*k + 22, 169 = 5*b - 4*k + 11. Suppose -8 = -j - 3*s, -3*j + s = -0*s - b. What is the tens digit of j?
1
Let q(r) = -2*r**3 - 4*r**2 - r + 2. Let u = 27 - 29. Let a(b) = -b**3 - 4*b**2 - 2*b + 2. Let y be a(u). What is the units digit of q(y)?
4
Suppose -3*s - 9*i + 7872 = -10*i, 5*i = s - 2638. What is the units digit of s?
3
Let z = 3803 - 1424. What is the hundreds digit of z?
3
Let w(r) = 226*r + 123. What is the thousands digit of w(5)?
1
Suppose 4*d + 3*c - 6*c = 11, 0 = 5*d + 2*c - 8. Suppose 4*k = 5*k - d. Let r = 24 + k. What is the tens digit of r?
2
Let z(n) = -1 - 8 - 11*n - 5. What is the units digit of z(-9)?
5
What is the hundreds digit of ((-8)/(-3))/((-92)/(-15594))?
4
What is the units digit of ((-2785)/5 - 6)*-1?
3
Let i = 1007 - 274. What is the tens digit of i?
3
Suppose 0 = -5*k + 2*x + 108, 0 = 2*k - x - 3*x - 56. Suppose 0*w = 4*w - k. Suppose -d - 96 = -w*d. What is the tens digit of d?
2
What is the tens digit of (7 + (-100)/15)*534*3?
3
Let f(j) = -15*j + 10. Let p be f(-2). Suppose -84*i = -86*i + p. What is the units digit of i?
0
Let h(k) be the second derivative of -k**4/12 + k**3/3 + 19*k**2 + 4*k. What is the units digit of h(0)?
8
Suppose 5*f = 2 + 28. Let c be ((-30)/2)/(f/(-42)). Suppose -2*b = -4*h + 3*b + 121, c = 5*h + 3*b. What is the units digit of h?
4
Suppose 2*q - 15 = q. Suppose 3*s = -2*s + q, 4*h + 5*s - 187 = 0. What is the units digit of h?
3
Let x be (-6 - (-3 + 1))/((-10)/(-115)). Let k = x - -93. What is the tens digit of k?
4
Let z(t) = -t**3 + 13*t**2 - 12*t + 11. Let a be z(12). Suppose -4*p + a*p - 469 = 0. What is the tens digit of p?
6
Let t = 2127 - 1483. What is the hundreds digit of t?
6
Let h be (-10)/(-4) - 2/(-4). Suppose -t = 3*l + t - 4, 0 = -2*l - t + 3. Suppose h*o - l*y - 14 = 11, -5 = y. What is the units digit of o?
5
Let m(r) = r - r**3 + 30 - 4*r + r + 75. Let j be m(0). What is the tens digit of 6/45 - (-7756)/j?
7
Suppose -9 = 3*w, 17 + 12 = u - 5*w. Let g = -13 + u. Suppose 55 = 2*l + g. What is the units digit of l?
7
Suppose s - h + 8 = 2*h, 4*s = -3*h + 28. Suppose s*m = -5 + 25, 5*w = 5*m + 700. What is the hundreds digit of w?
1
Suppose 5*w - 14316 = 4054. What is the units digit of w?
4
Let l(h) = -h**2 - 7*h - 16. Let r be l(-5). What is the tens digit of (-6)/4 - (r - (-1524)/(-8))?
9
Let i(j) = -j**3 + 18*j**2 + 77*j - 20. What is the tens digit of i(21)?
7
Let t(z) = -z**3 + 2*z**2 + 2. Let s be t(2). Let r(j) = -4 + 2*j**2 + 3 + 2*j**s - j. What is the units digit of r(-1)?
4
What is the tens digit of 428 + ((-343)/7)/7?
2
Let t = -972 - -1432. Let c = -322 + t. What is the units digit of c?
8
Let r(u) = -u**3 - 2*u**2 + 2. Let g be r(0). Suppose -2*p - 518 = -g*h, -p + 506 = -0*h + 2*h. What is the tens digit of h?
5
Let k be 27/(-2)*(-32)/(-24). Let t = k + 34. What is the tens digit of t?
1
Let v(o) = 4*o + 78. Let k be v(-17). Let y(p) = 12*p - 34. What is the units digit of y(k)?
6
Let g(m) = -m**3 - 13*m**2 - 12*m. Let f be g(-12). Suppose -2*q + 94 + 4 = f. What is the units digit of q?
9
Suppose 116686 = 17*m + 24*m. What is the hundreds digit of m?
8
Let l(t) = -t**3 - 15*t**2 - 9*t - 19. Let p be l(-15). Suppose -2*c - 2*a + p = 0, 3*c + 0*a - 169 = -4*a. What is the tens digit of c?
6
Let i(q) be the first derivative of -q**4/4 + 2*q**3 + 7*q**2/2 - 10*q - 7. Let h be i(7). What is the tens digit of 5*(112/h)/(-2)?
2
Let g(x) = -3*x**2 + 2*x - 2. Let o be g(3). Let u = 112 - o. What is the units digit of u?
5
Let x(w) = -w**3 - 14*w**2 + 8. Suppose 0 = -3*v + 2*v, -5*v = 2*q - 6. Let h be q*(46/(-6) + 3). What is the units digit of x(h)?
8
Let b = 23 + -31. Let i be 1 + -1 + -11 + b. What is the units digit of (-1 + -1)*(i - 0)?
8
Suppose 6 = 22*p - 20*p. Suppose 2*x = -p*r + 21, -5*x - 4*r + 60 = r. What is the units digit of x?
5
Suppose 5*p = 25, 3*z + 2*p = 5 + 5. Suppose z = 2*w - 9 - 69. What is the units digit of w?
9
Suppose 0 = 5*v - 4*y + 16, 5*v = 3*v - 4*y + 16. Suppose 1 = -r - v*r. Let d(n) = 60*n**2 + 2*n + 1. What is the units digit of d(r)?
9
Suppose -3*f - 3 = -4*f. Suppose -3*g = 5*c - 125, 5*g - 4*c - 255 = -f*c. Let v = g + -7. What is the tens digit of v?
4
What is the tens digit of 90315/21 + 88/308?
0
What is the tens digit of 260/(-78)*(-717)/2?
9
Suppose 632 = 22*x - 18*x. Let m = -97 + x. What is the tens digit of m?
6
Let f be 1 + 12/8*(-4)/(-6). Suppose 94 + 200 = f*j. What is the units digit of j?
7
Let y = -3 - 0. Let h be y*20/(-12)*10. Let u = h - 17. What is the units digit of u?
3
Let v(g) = 38*g**2 - 8*g + 32. What is the tens digit of v(4)?
0
Let u be (-3)/2*(-32)/(-24). Let y be 2 + 2 + u - 14. Let i = y + 30. What is the tens digit of i?
1
Suppose 0 = 4*y + 4*y - 2632. Suppose 8*t - t = y. What is the tens digit of t?
4
Let c(v) = -v + 1. Let n(x) = -20*x + 20. Let l(o) = -36*c(o) + 2*n(o). Let g be l(-8). Let z = -8 + g. What is the units digit of z?
8
Let f = 60 + -59. What is the units digit of 4*f - (9 + -73)?
8
Let p(j) = -j**3 - j**3 + 16*j - 9 - 7*j + 8*j**2 + j**3. What is the tens digit of p(7)?
0
Suppose 0 = 2*x - 6*x + 3*q + 19, -4*x + 13 = 3*q. Let t be 24/(-14)*(-14)/x. Let w(z) = z + 2. What is the units digit of w(t)?
8
Let s = -4 - -10. Suppose -2*z + s*z = 340. What is the tens digit of z?
8
Let z = -78 - -283. Suppose z = 4*w + 45. What is the tens digit of w?
4
Let n be ((-50)/4)/((-3)/6). Suppose 3*m - n = -5*g + 8*m, 0 = 4*g - 5*m - 21. Let d(l) = l**2. What is the tens digit of d(g)?
1
Let j(p) = p. Let u be j(3). Suppose 2*o = 2*c + 24, -2*c = -2*o + u*o. Let v = 12 - o. What is the units digit of v?
4
Suppose -y - y = 4*u - 286, 4*u - 289 = -3*y. Let a = 79 - u. What is the units digit of a?
9
Let b = 28 + -34. What is the tens digit of ((-68)/b)/(18/27)?
1
Suppose k - 3191 = -5*d + 3276, -2590 = -2*d - 2*k. What is the tens digit of d?
9
Let o = 28 - 21. Suppose d - o*d = -336. Suppose r - d = -3. What is the units digit of